{"id":24,"date":"2025-06-22T19:10:22","date_gmt":"2025-06-22T17:10:22","guid":{"rendered":"http:\/\/serwer280495.lh.pl\/autoinstalator\/serwer280495.lh.pl\/wordpress124623\/?page_id=24"},"modified":"2025-07-17T21:59:18","modified_gmt":"2025-07-17T19:59:18","slug":"kontakt","status":"publish","type":"page","link":"https:\/\/podyplomoweinfo.pl\/index.php\/kontakt\/","title":{"rendered":"Kontakt"},"content":{"rendered":"\t\t<div data-elementor-type=\"wp-page\" data-elementor-id=\"24\" class=\"elementor elementor-24\">\n\t\t\t\t<div class=\"elementor-element elementor-element-ed9bacb e-flex e-con-boxed e-con e-parent\" data-id=\"ed9bacb\" data-element_type=\"container\">\n\t\t\t\t\t<div class=\"e-con-inner\">\n\t\t\t\t<div class=\"elementor-element elementor-element-192f6a8 elementor-widget elementor-widget-html\" data-id=\"192f6a8\" data-element_type=\"widget\" data-widget_type=\"html.default\">\n\t\t\t\t<div class=\"elementor-widget-container\">\n\t\t\t\t\t<!-- Wklej to w <head> swojej strony -->\r\n<link rel=\"stylesheet\" href=\"https:\/\/cdnjs.cloudflare.com\/ajax\/libs\/font-awesome\/6.5.0\/css\/all.min.css\" \/>\r\n\t\t\t\t<\/div>\n\t\t\t\t<\/div>\n\t\t\t\t\t<\/div>\n\t\t\t\t<\/div>\n\t\t<div class=\"elementor-element elementor-element-fb2403b e-flex e-con-boxed e-con e-parent\" data-id=\"fb2403b\" data-element_type=\"container\">\n\t\t\t\t\t<div class=\"e-con-inner\">\n\t\t\t\t<div class=\"elementor-element elementor-element-4f6ad51 elementor-widget elementor-widget-html\" data-id=\"4f6ad51\" data-element_type=\"widget\" data-widget_type=\"html.default\">\n\t\t\t\t<div class=\"elementor-widget-container\">\n\t\t\t\t\t<div style=\"background: #E8E8E8; border-radius: 16px; padding: 40px; box-shadow: 0 4px 12px rgba(0,0,0,0.05); font-family: 'Arial', sans-serif; color: #333;\">\r\n\r\n  <h2 style=\"font-size: 28px; margin-bottom: 20px; color: #222; text-align: center;\">\r\n    Skontaktuj si\u0119 z naszym Coachem Kariery\r\n  <\/h2>\r\n\r\n  <p style=\"font-size: 18px; text-align: center; margin-bottom: 30px;\">\r\n    Ju\u017c dzisiaj zapytaj o <strong>szczeg\u00f3\u0142y, promocje i zni\u017cki!<\/strong>\r\n  <\/p>\r\n\r\n  <div style=\"display: flex; flex-wrap: wrap; justify-content: space-between; gap: 20px;\">\r\n\r\n    <!-- Dane kontaktowe -->\r\n    <div style=\"flex: 1; min-width: 260px;\">\r\n      <h3 style=\"color: #444; font-size: 20px;\">Kontakt telefoniczny:<\/h3>\r\n      <p style=\"font-size: 18px; margin: 10px 0;\">\r\n        <i class=\"fas fa-phone\" style=\"margin-right: 8px; color: #1d3e8a;\"><\/i>\r\n        <a href=\"tel:+48780525544\" style=\"color: #000; text-decoration: none;\"><strong>+48 780\u00a0525\u00a0544<\/strong><\/a>\r\n      <\/p>\r\n\r\n      <h3 style=\"color: #444; font-size: 20px; margin-top: 20px;\">Adres e-mail:<\/h3>\r\n      <ul style=\"list-style: none; padding-left: 0; font-size: 16px;\">\r\n        <li style=\"margin-bottom: 6px;\">\r\n          <i class=\"fas fa-envelope\" style=\"margin-right: 8px; color: #1d3e8a;\"><\/i>\r\n          <a href=\"mailto:studia.wsnp@gmail.com\" style=\"color: #000;\">studia.wsnp@gmail.com<\/a>\r\n        <\/li>\r\n        <li style=\"margin-bottom: 6px;\">\r\n          <i class=\"fas fa-envelope\" style=\"margin-right: 8px; color: #1d3e8a;\"><\/i>\r\n          <a href=\"mailto:psychotraumatologia.wsnp@gmail.com\" style=\"color: #000;\">psychotraumatologia.wsnp@gmail.com<\/a>\r\n        <\/li>\r\n        <li>\r\n          <i class=\"fas fa-envelope\" style=\"margin-right: 8px; color: #1d3e8a;\"><\/i>\r\n          <a href=\"mailto:poznanrekrutacja.wsnp@gmail.com\" style=\"color: #000;\">poznanrekrutacja.wsnp@gmail.com<\/a>\r\n        <\/li>\r\n      <\/ul>\r\n\r\n      <h3 style=\"color: #444; font-size: 20px; margin-top: 20px;\">Znajdziesz nas te\u017c tutaj:<\/h3>\r\n      <p style=\"font-size: 16px; margin-top: 8px;\">\r\n        <i class=\"fab fa-facebook-square\" style=\"margin-right: 8px; color: #1d3e8a; font-size: 18px;\"><\/i>\r\n        <a href=\"https:\/\/www.facebook.com\/profile.php?id=61560773511059\" target=\"_blank\" style=\"color: #1d3e8a; text-decoration: none;\"><strong>Facebook \u2013 kliknij tutaj<\/strong><\/a>\r\n      <\/p>\r\n    <\/div>\r\n\r\n    <!-- Informacja o rekrutacji -->\r\n    <div style=\"flex: 1; min-width: 260px;\">\r\n      <h3 style=\"color: #444; font-size: 20px;\">Rekrutacja:<\/h3>\r\n      <p style=\"font-size: 17px; margin-top: 10px;\">\r\n        <i class=\"fas fa-map-marker-alt\" style=\"margin-right: 8px; color: #1d3e8a;\"><\/i>Rekrutujemy na terenie <strong>ca\u0142ej Polski<\/strong><br>\r\n        <i class=\"fas fa-laptop\" style=\"margin-right: 8px; color: #1d3e8a;\"><\/i><strong>W formie zdalnej<\/strong> \u2013 bez wychodzenia z domu!\r\n      <\/p>\r\n\r\n      <div style=\"margin-top: 20px; background: #dcdcdc; border-left: 4px solid #999; padding: 15px; border-radius: 8px;\">\r\n        <p style=\"font-size: 16px; margin: 0;\">\r\n          <i class=\"fas fa-comment-dots\" style=\"margin-right: 8px; color: #1d3e8a;\"><\/i>\r\n          Skontaktuj si\u0119 z nami ju\u017c teraz i zacznij swoj\u0105 drog\u0119 zawodow\u0105 z profesjonalnym wsparciem!\r\n        <\/p>\r\n      <\/div>\r\n    <\/div>\r\n  <\/div>\r\n\r\n<\/div>\r\n\t\t\t\t<\/div>\n\t\t\t\t<\/div>\n\t\t\t\t\t<\/div>\n\t\t\t\t<\/div>\n\t\t<div class=\"elementor-element elementor-element-bf6db4a e-flex e-con-boxed e-con e-parent\" data-id=\"bf6db4a\" data-element_type=\"container\">\n\t\t\t\t\t<div class=\"e-con-inner\">\n\t\t\t\t<div class=\"elementor-element elementor-element-9d5c242 elementor-widget elementor-widget-html\" data-id=\"9d5c242\" data-element_type=\"widget\" data-widget_type=\"html.default\">\n\t\t\t\t<div class=\"elementor-widget-container\">\n\t\t\t\t\t<div style=\"background: #E8E8E8; border-radius: 16px; padding: 40px; margin-top: 40px; box-shadow: 0 4px 12px rgba(0, 0, 0, 0.05); font-family: 'Arial', sans-serif;\">\r\n\r\n  <h2 style=\"font-size: 26px; text-align: center; color: #222; margin-bottom: 20px;\">\r\n    Napisz do nas \u2013 odpowiemy na Twoje pytania!\r\n  <\/h2>\r\n\r\n  <p style=\"font-size: 17px; text-align: center; color: #333; margin-bottom: 30px;\">\r\n    Wype\u0142nij poni\u017cszy formularz kontaktowy \u2013 nasz zesp\u00f3\u0142 odpowie tak szybko, jak to mo\u017cliwe.\r\n  <\/p>\r\n\r\n  <div style=\"max-width: 600px; margin: 0 auto;\">\r\n    \n<div class=\"wpcf7 no-js\" id=\"wpcf7-f7-o1\" lang=\"pl-PL\" dir=\"ltr\" data-wpcf7-id=\"7\">\n<div class=\"screen-reader-response\"><p role=\"status\" aria-live=\"polite\" aria-atomic=\"true\"><\/p> <ul><\/ul><\/div>\n<form action=\"\/index.php\/wp-json\/wp\/v2\/pages\/24#wpcf7-f7-o1\" method=\"post\" class=\"wpcf7-form init\" aria-label=\"Formularz kontaktowy\" novalidate=\"novalidate\" data-status=\"init\">\n<fieldset class=\"hidden-fields-container\"><input type=\"hidden\" name=\"_wpcf7\" value=\"7\" \/><input type=\"hidden\" name=\"_wpcf7_version\" value=\"6.1\" \/><input type=\"hidden\" name=\"_wpcf7_locale\" value=\"pl_PL\" \/><input type=\"hidden\" name=\"_wpcf7_unit_tag\" value=\"wpcf7-f7-o1\" \/><input type=\"hidden\" name=\"_wpcf7_container_post\" value=\"0\" \/><input type=\"hidden\" name=\"_wpcf7_posted_data_hash\" value=\"\" \/>\n<\/fieldset>\n<p><label> Imi\u0119 i nazwisko (wymagane)<br \/>\n<span class=\"wpcf7-form-control-wrap\" data-name=\"imie-nazwisko\"><input size=\"40\" maxlength=\"400\" class=\"wpcf7-form-control wpcf7-text wpcf7-validates-as-required\" aria-required=\"true\" aria-invalid=\"false\" value=\"\" type=\"text\" name=\"imie-nazwisko\" \/><\/span> <\/label>\n<\/p>\n<p><label> Adres e-mail (wymagane)<br \/>\n<span class=\"wpcf7-form-control-wrap\" data-name=\"email\"><input size=\"40\" maxlength=\"400\" class=\"wpcf7-form-control wpcf7-email wpcf7-validates-as-required wpcf7-text wpcf7-validates-as-email\" aria-required=\"true\" aria-invalid=\"false\" value=\"\" type=\"email\" name=\"email\" \/><\/span> <\/label>\n<\/p>\n<p><label> Temat<br \/>\n<span class=\"wpcf7-form-control-wrap\" data-name=\"temat\"><input size=\"40\" maxlength=\"400\" class=\"wpcf7-form-control wpcf7-text\" aria-invalid=\"false\" value=\"\" type=\"text\" name=\"temat\" \/><\/span> <\/label>\n<\/p>\n<p><label> Wiadomo\u015b\u0107<br \/>\n<span class=\"wpcf7-form-control-wrap\" data-name=\"wiadomosc\"><textarea cols=\"40\" rows=\"10\" maxlength=\"2000\" class=\"wpcf7-form-control wpcf7-textarea\" aria-invalid=\"false\" name=\"wiadomosc\"><\/textarea><\/span> <\/label>\n<\/p>\n<p><label><br \/>\n<input type=\"checkbox\" \/><br \/>\nTak, zgadzam si\u0119 na przetwarzanie moich danych osobowych w celu realizacji zlecenia, zgodnie z<br \/>\n<a href=\"\/polityka-prywatnosci\" target=\"_blank\">polityk\u0105 prywatno\u015bci<\/a>.<br \/>\n<\/label>\n<\/p>\n<p><input class=\"wpcf7-form-control wpcf7-submit has-spinner\" type=\"submit\" value=\"Wy\u015blij wiadomo\u015b\u0107\" \/>\n<\/p><div class=\"wpcf7-response-output\" aria-hidden=\"true\"><\/div>\n<\/form>\n<\/div>\n\r\n  <\/div>\r\n\r\n<\/div>\r\n\t\t\t\t<\/div>\n\t\t\t\t<\/div>\n\t\t\t\t\t<\/div>\n\t\t\t\t<\/div>\n\t\t\t\t<\/div>\n\t\t","protected":false},"excerpt":{"rendered":"<p>Skontaktuj si\u0119 z naszym Coachem Kariery Ju\u017c dzisiaj zapytaj o szczeg\u00f3\u0142y, promocje i zni\u017cki! Kontakt telefoniczny: +48 780\u00a0525\u00a0544 Adres e-mail: [&hellip;]<\/p>\n","protected":false},"author":1,"featured_media":0,"parent":0,"menu_order":0,"comment_status":"closed","ping_status":"closed","template":"","meta":{"site-sidebar-layout":"no-sidebar","site-content-layout":"","ast-site-content-layout":"full-width-container","site-content-style":"default","site-sidebar-style":"default","ast-global-header-display":"","ast-banner-title-visibility":"","ast-main-header-display":"","ast-hfb-above-header-display":"","ast-hfb-below-header-display":"","ast-hfb-mobile-header-display":"","site-post-title":"disabled","ast-breadcrumbs-content":"","ast-featured-img":"disabled","footer-sml-layout":"","theme-transparent-header-meta":"","adv-header-id-meta":"","stick-header-meta":"","header-above-stick-meta":"","header-main-stick-meta":"","header-below-stick-meta":"","astra-migrate-meta-layouts":"default","ast-page-background-enabled":"default","ast-page-background-meta":{"desktop":{"background-color":"var(--ast-global-color-5)","background-image":"","background-repeat":"repeat","background-position":"center center","background-size":"auto","background-attachment":"scroll","background-type":"","background-media":"","overlay-type":"","overlay-color":"","overlay-opacity":"","overlay-gradient":""},"tablet":{"background-color":"","background-image":"","background-repeat":"repeat","background-position":"center center","background-size":"auto","background-attachment":"scroll","background-type":"","background-media":"","overlay-type":"","overlay-color":"","overlay-opacity":"","overlay-gradient":""},"mobile":{"background-color":"","background-image":"","background-repeat":"repeat","background-position":"center center","background-size":"auto","background-attachment":"scroll","background-type":"","background-media":"","overlay-type":"","overlay-color":"","overlay-opacity":"","overlay-gradient":""}},"ast-content-background-meta":{"desktop":{"background-color":"var(--ast-global-color-4)","background-image":"","background-repeat":"repeat","background-position":"center center","background-size":"auto","background-attachment":"scroll","background-type":"","background-media":"","overlay-type":"","overlay-color":"","overlay-opacity":"","overlay-gradient":""},"tablet":{"background-color":"var(--ast-global-color-4)","background-image":"","background-repeat":"repeat","background-position":"center center","background-size":"auto","background-attachment":"scroll","background-type":"","background-media":"","overlay-type":"","overlay-color":"","overlay-opacity":"","overlay-gradient":""},"mobile":{"background-color":"var(--ast-global-color-4)","background-image":"","background-repeat":"repeat","background-position":"center center","background-size":"auto","background-attachment":"scroll","background-type":"","background-media":"","overlay-type":"","overlay-color":"","overlay-opacity":"","overlay-gradient":""}},"footnotes":""},"class_list":["post-24","page","type-page","status-publish","hentry"],"yoast_head":"<!-- This site is optimized with the Yoast SEO plugin v25.5 - https:\/\/yoast.com\/wordpress\/plugins\/seo\/ -->\n<title>Kontakt - Punkt Konsulatacyjno Rekrutacyjny<\/title>\n<meta name=\"robots\" content=\"index, follow, max-snippet:-1, max-image-preview:large, max-video-preview:-1\" \/>\n<link rel=\"canonical\" href=\"https:\/\/podyplomoweinfo.pl\/index.php\/kontakt\/\" \/>\n<meta property=\"og:locale\" content=\"pl_PL\" \/>\n<meta property=\"og:type\" content=\"article\" \/>\n<meta property=\"og:title\" content=\"Kontakt - Punkt Konsulatacyjno Rekrutacyjny\" \/>\n<meta property=\"og:description\" content=\"Skontaktuj si\u0119 z naszym Coachem Kariery Ju\u017c dzisiaj zapytaj o szczeg\u00f3\u0142y, promocje i zni\u017cki! Kontakt telefoniczny: +48 780\u00a0525\u00a0544 Adres e-mail: [&hellip;]\" \/>\n<meta property=\"og:url\" content=\"https:\/\/podyplomoweinfo.pl\/index.php\/kontakt\/\" \/>\n<meta property=\"og:site_name\" content=\"Punkt Konsulatacyjno Rekrutacyjny\" \/>\n<meta property=\"article:publisher\" content=\"https:\/\/www.facebook.com\/profile.php?id=61560773511059\" \/>\n<meta property=\"article:modified_time\" content=\"2025-07-17T19:59:18+00:00\" \/>\n<meta name=\"twitter:card\" content=\"summary_large_image\" \/>\n<meta name=\"twitter:label1\" content=\"Szacowany czas czytania\" \/>\n\t<meta name=\"twitter:data1\" content=\"1 minuta\" \/>\n<script type=\"application\/ld+json\" class=\"yoast-schema-graph\">{\"@context\":\"https:\/\/schema.org\",\"@graph\":[{\"@type\":\"WebPage\",\"@id\":\"https:\/\/podyplomoweinfo.pl\/index.php\/kontakt\/\",\"url\":\"https:\/\/podyplomoweinfo.pl\/index.php\/kontakt\/\",\"name\":\"Kontakt - Punkt Konsulatacyjno Rekrutacyjny\",\"isPartOf\":{\"@id\":\"https:\/\/podyplomoweinfo.pl\/#website\"},\"datePublished\":\"2025-06-22T17:10:22+00:00\",\"dateModified\":\"2025-07-17T19:59:18+00:00\",\"breadcrumb\":{\"@id\":\"https:\/\/podyplomoweinfo.pl\/index.php\/kontakt\/#breadcrumb\"},\"inLanguage\":\"pl-PL\",\"potentialAction\":[{\"@type\":\"ReadAction\",\"target\":[\"https:\/\/podyplomoweinfo.pl\/index.php\/kontakt\/\"]}]},{\"@type\":\"BreadcrumbList\",\"@id\":\"https:\/\/podyplomoweinfo.pl\/index.php\/kontakt\/#breadcrumb\",\"itemListElement\":[{\"@type\":\"ListItem\",\"position\":1,\"name\":\"Strona g\u0142\u00f3wna\",\"item\":\"https:\/\/podyplomoweinfo.pl\/\"},{\"@type\":\"ListItem\",\"position\":2,\"name\":\"Kontakt\"}]},{\"@type\":\"WebSite\",\"@id\":\"https:\/\/podyplomoweinfo.pl\/#website\",\"url\":\"https:\/\/podyplomoweinfo.pl\/\",\"name\":\"Punkt Konsulatacyjno Rekrutacyjny\",\"description\":\"\",\"publisher\":{\"@id\":\"https:\/\/podyplomoweinfo.pl\/#organization\"},\"potentialAction\":[{\"@type\":\"SearchAction\",\"target\":{\"@type\":\"EntryPoint\",\"urlTemplate\":\"https:\/\/podyplomoweinfo.pl\/?s={search_term_string}\"},\"query-input\":{\"@type\":\"PropertyValueSpecification\",\"valueRequired\":true,\"valueName\":\"search_term_string\"}}],\"inLanguage\":\"pl-PL\"},{\"@type\":\"Organization\",\"@id\":\"https:\/\/podyplomoweinfo.pl\/#organization\",\"name\":\"Punkt Konsulatacyjno Rekrutacyjny\",\"url\":\"https:\/\/podyplomoweinfo.pl\/\",\"logo\":{\"@type\":\"ImageObject\",\"inLanguage\":\"pl-PL\",\"@id\":\"https:\/\/podyplomoweinfo.pl\/#\/schema\/logo\/image\/\",\"url\":\"https:\/\/podyplomoweinfo.pl\/wp-content\/uploads\/2025\/06\/cropped-cropped-cropped-ChatGPT-Image-23-cze-2025-18_18_09.png\",\"contentUrl\":\"https:\/\/podyplomoweinfo.pl\/wp-content\/uploads\/2025\/06\/cropped-cropped-cropped-ChatGPT-Image-23-cze-2025-18_18_09.png\",\"width\":1020,\"height\":810,\"caption\":\"Punkt Konsulatacyjno Rekrutacyjny\"},\"image\":{\"@id\":\"https:\/\/podyplomoweinfo.pl\/#\/schema\/logo\/image\/\"},\"sameAs\":[\"https:\/\/www.facebook.com\/profile.php?id=61560773511059\"]}]}<\/script>\n<!-- \/ Yoast SEO plugin. -->","yoast_head_json":{"title":"Kontakt - Punkt Konsulatacyjno Rekrutacyjny","robots":{"index":"index","follow":"follow","max-snippet":"max-snippet:-1","max-image-preview":"max-image-preview:large","max-video-preview":"max-video-preview:-1"},"canonical":"https:\/\/podyplomoweinfo.pl\/index.php\/kontakt\/","og_locale":"pl_PL","og_type":"article","og_title":"Kontakt - Punkt Konsulatacyjno Rekrutacyjny","og_description":"Skontaktuj si\u0119 z naszym Coachem Kariery Ju\u017c dzisiaj zapytaj o szczeg\u00f3\u0142y, promocje i zni\u017cki! Kontakt telefoniczny: +48 780\u00a0525\u00a0544 Adres e-mail: [&hellip;]","og_url":"https:\/\/podyplomoweinfo.pl\/index.php\/kontakt\/","og_site_name":"Punkt Konsulatacyjno Rekrutacyjny","article_publisher":"https:\/\/www.facebook.com\/profile.php?id=61560773511059","article_modified_time":"2025-07-17T19:59:18+00:00","twitter_card":"summary_large_image","twitter_misc":{"Szacowany czas czytania":"1 minuta"},"schema":{"@context":"https:\/\/schema.org","@graph":[{"@type":"WebPage","@id":"https:\/\/podyplomoweinfo.pl\/index.php\/kontakt\/","url":"https:\/\/podyplomoweinfo.pl\/index.php\/kontakt\/","name":"Kontakt - Punkt Konsulatacyjno Rekrutacyjny","isPartOf":{"@id":"https:\/\/podyplomoweinfo.pl\/#website"},"datePublished":"2025-06-22T17:10:22+00:00","dateModified":"2025-07-17T19:59:18+00:00","breadcrumb":{"@id":"https:\/\/podyplomoweinfo.pl\/index.php\/kontakt\/#breadcrumb"},"inLanguage":"pl-PL","potentialAction":[{"@type":"ReadAction","target":["https:\/\/podyplomoweinfo.pl\/index.php\/kontakt\/"]}]},{"@type":"BreadcrumbList","@id":"https:\/\/podyplomoweinfo.pl\/index.php\/kontakt\/#breadcrumb","itemListElement":[{"@type":"ListItem","position":1,"name":"Strona g\u0142\u00f3wna","item":"https:\/\/podyplomoweinfo.pl\/"},{"@type":"ListItem","position":2,"name":"Kontakt"}]},{"@type":"WebSite","@id":"https:\/\/podyplomoweinfo.pl\/#website","url":"https:\/\/podyplomoweinfo.pl\/","name":"Punkt Konsulatacyjno Rekrutacyjny","description":"","publisher":{"@id":"https:\/\/podyplomoweinfo.pl\/#organization"},"potentialAction":[{"@type":"SearchAction","target":{"@type":"EntryPoint","urlTemplate":"https:\/\/podyplomoweinfo.pl\/?s={search_term_string}"},"query-input":{"@type":"PropertyValueSpecification","valueRequired":true,"valueName":"search_term_string"}}],"inLanguage":"pl-PL"},{"@type":"Organization","@id":"https:\/\/podyplomoweinfo.pl\/#organization","name":"Punkt Konsulatacyjno Rekrutacyjny","url":"https:\/\/podyplomoweinfo.pl\/","logo":{"@type":"ImageObject","inLanguage":"pl-PL","@id":"https:\/\/podyplomoweinfo.pl\/#\/schema\/logo\/image\/","url":"https:\/\/podyplomoweinfo.pl\/wp-content\/uploads\/2025\/06\/cropped-cropped-cropped-ChatGPT-Image-23-cze-2025-18_18_09.png","contentUrl":"https:\/\/podyplomoweinfo.pl\/wp-content\/uploads\/2025\/06\/cropped-cropped-cropped-ChatGPT-Image-23-cze-2025-18_18_09.png","width":1020,"height":810,"caption":"Punkt Konsulatacyjno Rekrutacyjny"},"image":{"@id":"https:\/\/podyplomoweinfo.pl\/#\/schema\/logo\/image\/"},"sameAs":["https:\/\/www.facebook.com\/profile.php?id=61560773511059"]}]}},"_links":{"self":[{"href":"https:\/\/podyplomoweinfo.pl\/index.php\/wp-json\/wp\/v2\/pages\/24","targetHints":{"allow":["GET"]}}],"collection":[{"href":"https:\/\/podyplomoweinfo.pl\/index.php\/wp-json\/wp\/v2\/pages"}],"about":[{"href":"https:\/\/podyplomoweinfo.pl\/index.php\/wp-json\/wp\/v2\/types\/page"}],"author":[{"embeddable":true,"href":"https:\/\/podyplomoweinfo.pl\/index.php\/wp-json\/wp\/v2\/users\/1"}],"replies":[{"embeddable":true,"href":"https:\/\/podyplomoweinfo.pl\/index.php\/wp-json\/wp\/v2\/comments?post=24"}],"version-history":[{"count":16,"href":"https:\/\/podyplomoweinfo.pl\/index.php\/wp-json\/wp\/v2\/pages\/24\/revisions"}],"predecessor-version":[{"id":562,"href":"https:\/\/podyplomoweinfo.pl\/index.php\/wp-json\/wp\/v2\/pages\/24\/revisions\/562"}],"wp:attachment":[{"href":"https:\/\/podyplomoweinfo.pl\/index.php\/wp-json\/wp\/v2\/media?parent=24"}],"curies":[{"name":"wp","href":"https:\/\/api.w.org\/{rel}","templated":true}]}}